 + 8/(-32). Let b be 9 + (5/g)/(2/4). Suppose -b = -w + 65. List the prime factors of w.
2, 19
Suppose -43*t - 27*t + 8*t + 570710 = 0. List the prime factors of t.
5, 7, 263
Let q = 754 + 522. Suppose 7*u = -2*o + 5*u + q, 4*o + 2*u = 2546. List the prime factors of o.
5, 127
Let t(c) = 3713*c**2 + 25*c + 56. What are the prime factors of t(-2)?
2, 17, 19, 23
Suppose -7*i + 3*i + 4*s + 700 = 0, 0 = 5*i + 3*s - 891. What are the prime factors of i/3 - (0 + -1)?
2, 3, 5
Suppose -5*j + 2*q = -6854, -12*j + 6869 = -7*j + 3*q. Let l = j - 240. List the prime factors of l.
2, 283
Let g = 108 + 1403. What are the prime factors of g?
1511
Let o = -49243 + 84103. What are the prime factors of o?
2, 3, 5, 7, 83
Suppose 57*w = 66*w - 1440. Let y = 290 - w. What are the prime factors of y?
2, 5, 13
Let r(n) = 47*n - 12. Let t(s) = -23*s + 6. Let q(i) = 6*r(i) + 13*t(i). Let w be q(-5). Let y = w - -42. What are the prime factors of y?
7, 19
Suppose k - 36*k + 1408858 = -18*k. List the prime factors of k.
2, 11, 3767
List the prime factors of (6 - -2 - (-338)/(-65))/(2/4020).
2, 3, 7, 67
Let d(i) = 5*i**2 - 18*i - 103. Suppose -223 - 29 = -18*a. What are the prime factors of d(a)?
5
What are the prime factors of 73/730 + (-22819)/(-10)?
2, 7, 163
Suppose 2*w - 108 = -4*j, 10*w = 5*w - 4*j + 300. Let a = w + -56. Suppose 0 = -a*s + 370 + 150. What are the prime factors of s?
5, 13
Let t(o) = 22*o + 8625. List the prime factors of t(0).
3, 5, 23
Suppose -5*u + 72813 = 3*t, -3*t + 25*u + 72873 = 20*u. What are the prime factors of t?
24281
Let c(m) = -m**2 - 8*m + 32. Let k be c(-10). Let t be 1*(-3 - k/(-3)). Let g = 10 + t. List the prime factors of g.
11
Let c(t) = -t**3 - 159*t**2 + 330*t + 1374. List the prime factors of c(-161).
2, 43
Suppose 636 = 4*w - 64. Let x = -97 + w. Let p = x + -22. List the prime factors of p.
2, 7
Let k(c) = -1 - 2*c**2 - 2*c**2 + c**3 + 3*c - 2 - 6. Let q be k(4). Suppose -5*x + 103 = z, -q*x + 0*z - z = -61. What are the prime factors of x?
3, 7
Let n(f) = f**3 + 17*f**2 - 9*f - 58. Suppose 5*p + 76 = d - 4*d, -3*p - 3*d - 48 = 0. What are the prime factors of n(p)?
2, 41
Let u be (-3 - 4)/((-10)/30). Suppose -u*w + 24 = -9*w. List the prime factors of w.
2
Suppose -27 = -9*f + 8*f. Let d = f - 29. What are the prime factors of d/2*(-5 + 3)*50?
2, 5
Let j(b) = 53*b**2 - 12*b - 3. Let q be j(-5). Suppose 0 = -4*f + 2*n + q, 1352 = 3*f + 2*n + 305. List the prime factors of f.
347
Let p be (-6)/9*(-11)/((-33)/90). Let g(h) = h**2 + 25*h + 199. List the prime factors of g(p).
3, 11
Let x(g) be the second derivative of -g**5/20 - 3*g**4/4 + 8*g**3/3 + 9*g**2/2 + g. Let w be x(-12). List the prime factors of (w - 1) + 3 + 0 + -6.
5, 7
Let s = 23185 + 15478. What are the prime factors of s?
23, 41
Let u be 1175/(-11) + (-18)/99. Let k = 424 + u. Suppose -3*c + 99 = q, 5*c - k = -7*q + 4*q. List the prime factors of q.
2, 3, 19
Let p(d) = -3314*d - 7715. What are the prime factors of p(-12)?
7, 19, 241
Let l = -51362 + 111707. List the prime factors of l.
3, 5, 149
Let z(i) be the second derivative of i**4/6 - 5*i**3/6 - 62*i. Let c(k) = 2*k - 6. Let h be c(6). What are the prime factors of z(h)?
2, 3, 7
Let y be -39*(-1)/12 + 18/(-72). Let q(u) = u - 1. Let j(m) = -75*m + 8. Let k(h) = -j(h) - 4*q(h). List the prime factors of k(y).
11, 19
Suppose 6*h = -5*h + 7*h. Suppose 61*p - 62*p + 828 = h. What are the prime factors of p?
2, 3, 23
Let l(x) be the first derivative of 178*x**3/3 - 4*x**2 - 14*x + 104. What are the prime factors of l(-2)?
2, 3, 7, 17
Let n = 47 - 43. Suppose 0 = z, -n*w + 2*z + 66 = -26. Suppose -5*r + 31 = 3*j, -r = -4*j - 4*r + w. What are the prime factors of j?
2
Let n be (7/(-21))/((-1)/(-186)*-2). Suppose -4*z = -n*z + 12420. List the prime factors of z.
2, 5, 23
Let v(w) = -7*w**2 + 5*w - 8. Let s be v(4). Let c be (-1686)/(-14) + s/(-175). Suppose -5*d + d = -h - 101, -5*h = -4*d + c. List the prime factors of d.
2, 3
List the prime factors of -6 + 1 - 44*-170.
5, 13, 23
Let k = -80 - -74. Let o(y) = 21*y**2 + 61*y + 9. What are the prime factors of o(k)?
3, 7, 19
Let i be 1*-2*4/8. Let h = 3 + i. What are the prime factors of -34*1*(-3)/h?
3, 17
Suppose 12*t + 25 = 37. Let b(g) = -g + 24*g**3 + 0 + 0. List the prime factors of b(t).
23
Let c = 52 + -47. Suppose 0 = t + 5*p + 23, -c*t + 15 + 5 = -2*p. Suppose -11 - 19 = -t*s. List the prime factors of s.
3, 5
Let w = -80 - -85. Suppose -7*t + 23166 = -5*t - 4*n, -t - w*n + 11562 = 0. What are the prime factors of (-6)/(-8) + t/68?
3, 19
Let b be 12 + -10 - (82 - (-4 + 2)). List the prime factors of 1839 + 0 + 77 + b.
2, 7, 131
Let q(b) = b**2 - 5*b - 5. Let l be q(-1). Let r be -2*(6/(-4))/l. Suppose r*g = -y + 419, 5*g - y - 4*y - 665 = 0. What are the prime factors of g?
2, 3, 23
Suppose -3*w + 33572 = 74*w. List the prime factors of w.
2, 109
Suppose -26*c - 3*c + 40765 = -21614. What are the prime factors of c?
3, 239
Let p(c) = -c - 4. Let i be p(-11). List the prime factors of i/((-42)/(-16))*1515/10.
2, 101
Suppose 1707450 = -103*o + 10908028. What are the prime factors of o?
2, 59, 757
Suppose 375 + 40 = -5*h. Let t = h - -206. What are the prime factors of t?
3, 41
Let i = -665 + 122. Let g be (i/(-3))/((-1)/(-1)) + 3. Let m = -28 + g. List the prime factors of m.
2, 3, 13
Suppose 0 = 265*w - 262*w. List the prime factors of (-31)/(-1*(w - (-4)/92)).
23, 31
Let w(c) = -101*c**3 - 8*c**2 + 1 + 6*c - 90*c**3 + 200*c**3. What are the prime factors of w(4)?
11, 43
Let w be 38/5 + 1*4/10. Suppose 0 = -r + 5*b - 3, 5*r - 3*b = -b + w. Suppose r = s - 64. List the prime factors of s.
2, 3, 11
Suppose 149 - 23 = -3*h. Let l = 135 - h. Suppose 2*w + w - l = 0. What are the prime factors of w?
59
Suppose -5*w + 2*v - 145 = 0, 3*v - 46 + 31 = 0. Let p = w + 892. What are the prime factors of p?
5, 173
Let v = -953 + 957. Let o(l) = l**3 + 7*l**2 + 6*l + 3. Let a be o(-6). Suppose 4*n = a*c + 365, -v*c = n - 75 - 2. List the prime factors of n.
89
Suppose -q = -3*i - 5081, 17*q = 15*q - i + 10155. What are the prime factors of q?
2, 2539
Let g(d) be the first derivative of -d**4/4 - 3*d**3 + 39*d**2/2 - 26*d - 27. What are the prime factors of g(-14)?
2, 3, 17
Suppose 440 = 5*q - 0*q. Suppose -2*w + q = -136. What are the prime factors of (w + 1)*(2 + -4)/(-2)?
113
Suppose 0 = -17*o + 44547 + 26547. List the prime factors of o.
2, 3, 17, 41
Let k(u) = -2*u + 16. Let m be k(8). Suppose 2*r - 13 = v, m*v - 9 = 3*v + 4*r. Let a = v + 18. What are the prime factors of a?
11
Suppose 3678577 = 132*w - 5192686 + 3166883. List the prime factors of w.
3, 5, 43, 67
Let p = -60 + 38. Let t = -7 - p. Let r = -10 + t. What are the prime factors of r?
5
Let p(h) = -h**3 - 4*h**2 + 3*h - 7. Let g be p(-5). What are the prime factors of (78/10)/(g/135)?
3, 13
Let y(d) be the first derivative of 2*d**3 + 11*d**2/2 - 47*d + 78. What are the prime factors of y(8)?
5, 17
Suppose -44021 = 33*u - 262151. What are the prime factors of u?
2, 5, 661
Let u(p) = 21*p + 7. Let j(k) = 3*k**3 - 12*k**2 + k - 1. Let f be j(4). Suppose 0 = f*z - 22 + 4. List the prime factors of u(z).
7, 19
Let j be ((-14)/6 - -2) + (-65)/(-15). Let c be j*-1 + (0 - -16). What are the prime factors of 19/((-46)/c - -4)?
2, 3, 19
Let r = -57 + 69. What are the prime factors of (2106/r + -6)*12/9?
2, 113
Suppose -803944 - 467464 = -55*o + 12567. What are the prime factors of o?
5, 7, 23, 29
Let v(k) = -9*k**2 + 1204*k + 78. List the prime factors of v(49).
5, 59, 127
Let r(p) = -5*p + 42. Let g be r(8). Suppose g*m - 4*x - 8016 = 0, 3*m - 2*m + x - 4002 = 0. Suppose -15*l = -l - m. What are the prime factors of l?
2, 11, 13
Suppose 2*a - 56110 = -4*v, 0 = -5*v - 12*a + 8*a + 70142. List the prime factors of v.
2, 7013
Let n = -11777 + 20522. Suppose 15*j - n = 2850. List the prime factors of j.
773
Suppose 119*q - 16492 = -5*q. What are the prime factors of q?
7, 19
Suppose -4*w - 22 = -2*m, -2*m + 44 = 2*m + 4*w. Suppose -31*a = -50*a. Suppose m*t - 62 - 334 = a. List the prime factors of t.
2, 3
Suppose 36*y = 19*y - 94*y + 2804193. What are the prime factors of y?
3, 7, 401
Suppose -2*s = -3*f - 72, -f - 29 = -s + 2*s. Let i = f + 30. List the prime factors of i*309*4/48.
103
Let s(g) be the thir